00220
In base 8, what is -2 + 1705707?
1705705
In base 3, what is -102001100112 + -22?
-102001100211
In base 7, what is 162143 - -11020?
203163
In base 15, what is -304b - -1697?
-18a4
In base 16, what is 80f36 - -3c?
80f72
In base 12, what is -63587 - 104?
-6368b
In base 8, what is 11011 + 17651?
30662
In base 6, what is -222 - -31501?
31235
In base 4, what is -1203100 - 1111132?
-2320232
In base 8, what is 5 - -36233331?
36233336
In base 9, what is -50 + 636716?
636656
In base 6, what is -4244434 + 102?
-4244332
In base 7, what is 16034546315 + 4?
16034546322
In base 6, what is 5 - 53303050013?
-53303050004
In base 10, what is -8 + -310299?
-310307
In base 16, what is 1894eb + -7?
1894e4
In base 11, what is 140692243 + 5?
140692248
In base 4, what is -1111 + 110013033332?
110013032221
In base 12, what is -3a96978 - 10?
-3a96988
In base 4, what is 32 + 1101300013?
1101300111
In base 2, what is 1100110110111011100 - -1000001000?
1100110111111100100
In base 12, what is -1 - 3a1209?
-3a120a
In base 7, what is -41312353 - 51?
-41312434
In base 15, what is -8c - 1183b?
-118c8
In base 15, what is 0 - -99c3a51?
99c3a51
In base 8, what is -12053037 - 3?
-12053042
In base 11, what is 14 + -21831?
-21818
In base 14, what is -ab49a4 + -3?
-ab49a7
In base 15, what is 5 - 59d7c2a?
-59d7c25
In base 12, what is -31769 + 16?
-31753
In base 15, what is -81c091 - -5?
-81c08b
In base 8, what is -47742411 + -3?
-47742414
In base 3, what is 21010220002002 + 10?
21010220002012
In base 11, what is -14123 - -2490?
-11743
In base 15, what is 68717d + 5?
687183
In base 5, what is 10 - 233411103?
-233411043
In base 12, what is 5832 - -585?
61b7
In base 7, what is -61 - 42354?
-42445
In base 13, what is -7 - -99754?
9974a
In base 4, what is 3130133323123223 + 10?
3130133323123233
In base 6, what is 144 - -12131214?
12131402
In base 8, what is -27 - 515171?
-515220
In base 8, what is 16 - 7315065?
-7315047
In base 8, what is 144216114 - -5?
144216121
In base 10, what is 5 + -2604565?
-2604560
In base 12, what is 3b717a - -1?
3b717b
In base 4, what is -3230121213033 + 1?
-3230121213032
In base 8, what is 12427123 - -71?
12427214
In base 6, what is 515 + 1351455?
1352414
In base 2, what is -10110101110010 - -101110?
-10110101000100
In base 4, what is 2210323022 + 122332?
2211112020
In base 3, what is -1120101201 - -2112?
-1120022012
In base 12, what is -a0b8 - -135?
-9b83
In base 14, what is 1d36d9 - -56?
1d3751
In base 14, what is 299 + -6bd?
-424
In base 2, what is 1001110011101 - -1101000000?
1011011011101
In base 9, what is 7442747 + -3?
7442744
In base 4, what is -1233200123 - 20313?
-1233221102
In base 4, what is -3003101123030 - 10?
-3003101123100
In base 8, what is -3 + 633070?
633065
In base 2, what is 1100110000111110000100 - -11?
1100110000111110000111
In base 13, what is 189 - -6450c?
64698
In base 7, what is -3166502 + 10?
-3166462
In base 4, what is 1010322221 - 132?
1010322023
In base 9, what is 4 - 237011706?
-237011702
In base 13, what is -6b08b + -5?
-6b093
In base 12, what is -19 + -21b1ba?
-21b217
In base 3, what is 2 - 22010100211220010?
-22010100211220001
In base 16, what is -f57a07 - c?
-f57a13
In base 11, what is -232 - -11159?
10a27
In base 3, what is 12 + 120221122211221?
120221122212010
In base 14, what is -d21 - b3d?
-1a60
In base 4, what is -2 + -23310202121?
-23310202123
In base 4, what is -223000123 + 100210?
-222233313
In base 11, what is -17 - -2a6009?
2a5aa2
In base 6, what is -3112251 - 2505?
-3115200
In base 8, what is 536 - -2334?
3072
In base 4, what is 10112 + 103220102?
103230220
In base 13, what is -4b79720a - 1?
-4b79720b
In base 4, what is 12 + 23323121010?
23323121022
In base 2, what is 11101 + 11111010111111011001?
11111010111111110110
In base 9, what is -1772303703 + -4?
-1772303707
In base 16, what is 12cdd137 - 2?
12cdd135
In base 9, what is -466436157 - -3?
-466436154
In base 13, what is 84 + -2237a?
-222c6
In base 10, what is 55173 + -1122?
54051
In base 7, what is 15030 - -61345?
106405
In base 14, what is 7816 - -16?
782c
In base 12, what is -363 - -16183?
15a20
In base 14, what is 6 + -5c1952?
-5c194a
In base 9, what is 5784713 + 5?
5784718
In base 16, what is b28c9 + -1e?
b28ab
In base 8, what is -13467357 - 41?
-13467420
In base 9, what is -117820 + -8000?
-126820
In base 10, what is -1664 - -7785?
6121
In base 7, what is 4 - 41341042?
-41341035
In base 12, what is -8a72930 - -3?
-8a72929
In base 5, what is 14204220323 - 1?
14204220322
In base 16, what is 6 - -89c671?
89c677
In base 15, what is -1d6e + 174?
-1bea
In base 15, what is -d6649 - -6?
-d6643
In base 14, what is -337 + 6a76?
673d
In base 12, what is 0 - 368b77?
-368b77
In base 15, what is -2a503 + -31?
-2a534
In base 5, what is -20303 - 1231203?
-1302011
In base 4, what is -11300 + -1313213?
-1331113
In base 13, what is 642 - -53c4?
5a36
In base 4, what is 1100002111032 + -1?
1100002111031
In base 8, what is 15034173 - -22?
15034215
In base 2, what is -10011110111111010001000 - 1?
-10011110111111010001001
In base 15, what is 1 + -44dac34?
-44dac33
In base 10, what is 1921 - 595?
1326
In base 14, what is -64417 - 145?
-6455c
In base 5, what is -14013013404 - 10?
-14013013414
In base 3, what is 2210102110212021 + 1?
2210102110212022
In base 13, what is -4 - -168b823a?
168b8236
In base 9, what is 10 - -4837811?
4837821
In base 5, what is 113 - -321032342?
321033010
In base 13, what is 258c - -4a4a?
7309
In base 3, what is -12202111 + 2001221?
-10200120
In base 2, what is -11011 - 10101101001110100010010101?
-10101101001110100010110000
In base 10, what is 1 - 3297983?
-3297982
In base 15, what is 53159 + 1?
5315a
In base 12, what is -97 - 1678334?
-167840b
In base 10, what is 317 - -3228812?
3229129
In base 9, what is -12 + -13425254?
-13425266
In base 16, what is 1 + -c3873b2?
-c3873b1
In base 10, what is 2258 - 2906?
-648
In base 5, what is -10113244 - -113414?
-4444330
In base 2, what is -1010100110011 - 100110100?
-1011001100111
In base 11, what is 57a5 + 369?
6063
In base 11, what is -2112 + 151a?
-6a3
In base 2, what is -11111000011111 - 1000100110011?
-100111101010010
In base 12, what is 1 + 69b8?
69b9
In base 13, what is -11573 + -180?
-11723
In base 9, what is 10544 - 161817?
-151263
In base 7, what is 0 - 132122444?
-132122444
In base 4, what is -21101311123 - -213?
-21101310310
In base 12, what is -b73 - 17b9?
-2770
In base 5, what is 3244120 - 222?
3243343
In base 2, what is -11110101 + -100010110010111011?
-100010110110110000
In base 10, what is -32 + 784119?
784087
In base 4, what is 10 - -3113203113020?
3113203113030
In base 7, what is 1253560 - -42?
1253632
In base 12, what is 1 + 57a3a87?
57a3a88
In base 12, what is 4044075 + -2?
4044073
In base 12, what is 9407b + -27?
94054
In base 14, what is 8671ba + 3?
8671bd
In base 9, what is 141312 + 14?
141326
In base 15, what is 1c8a7c + 1e?
1c8a9b
In base 7, what is 11 - -10042201?
10042212
In base 6, what is -1451325 + 132?
-1451153
In base 10, what is 2 - -10501795?
10501797
In base 2, what is 110100110100100101101 - 11000000?
110100110100001101101
In base 5, what is 43041401430 - 10?
43041401420
In base 4, what is -3200133 + 1113312?
-2020221
In base 3, what is -10021211211201 + -12?
-10021211211220
In base 10, what is -15 - 3545010?
-3545025
In base 4, what is 11 - 3222302212?
-3222302201
In base 15, what is -81 - -15a97?
15a16
In base 2, what is -10 + 10011000100111111111101?
10011000100111111111011
In base 13, what is 15 - -95c985?
95c99a
In base 16, what is -1961903 + -2?
-1961905
In base 14, what is -aa2ab5 - -2d?
-aa2a86
In base 4, what is -232131 + 1310111?
1011320
In base 14, what is -6ad8da - -3?
-6ad8d7
In base 13, what is -4 - 3a43c2?
-3a43c6
In base 14, what is 41163c - -30?
41166c
In base 10, what is -4 - 125358?
-125362
In base 12, what is 290b194 - -6?
290b19a
In base 2, what is -10 + -10011101101100011010?
-10011101101100011100
In base 14, what is -2c + 41acd?
41aa1
In base 13, what is -33 + -6725?
-6758
In base 10, what is -218398 - -1420?
-216978
In base 12, what is -205 + -9912?
-9b17
In base 6, what is -3 - -12252431321?
12252431314
In base 16, what is -5b9491 + 2?
-5b948f
In base 2, what is -1010010110011100011111 - -100?
-1010010110011100011011
In base 15, what is a4428 - 